(s) = -17*s**2 - 10*s + 4. Let b(z) = -9*z**2 - 1. Let h(v) = -2*b(v) + y(v). Give h(d).
6
Let m(b) be the third derivative of -19*b**4/24 - 335*b**3/6 + 8*b**2 + 35. Calculate m(-18).
7
Let u(n) = 54*n - 414. Let h(y) = -19*y + 137. Let a(s) = -11*h(s) - 4*u(s). Determine a(20).
9
Let n be (((-330)/(-10))/(-3))/(-1). Let v(s) = s**3 - 11*s**2 + s - 3. Give v(n).
8
Let g be 18*(3/2 + -1). Let q(w) = 607*w - 120*w - 230*w - 126*w + 2 - 128*w. Determine q(g).
29
Let k(l) = l**2 + 3. Let g(m) = -5*m**2 - 2*m - 13. Let u(q) = -g(q) - 4*k(q). Let t = 14 - 17. Determine u(t).
4
Let m(j) = -3*j + 2*j + 2*j - 4476*j**2 + 2 + 4477*j**2 + 0*j. Let c(w) = -w + 6. Let b = 5 + -1. Let p be c(b). What is m(p)?
8
Let b be -7 - (64/(-40))/((-6)/(-15)). Let y(z) = -3*z. Let m(h) = -8*h + 10. Let k(l) = b*y(l) + m(l). Calculate k(-10).
0
Let j(m) be the first derivative of -m**6/120 + 7*m**5/30 + 13*m**4/24 + 11*m**3/3 + 7*m**2/2 + 45. Let q(o) be the second derivative of j(o). Give q(15).
-8
Let g(n) be the first derivative of n**4/4 + 5*n**3/3 + 11*n**2/2 + 10*n + 3844. Calculate g(-3).
-5
Let j(c) be the third derivative of c**6/60 - 7*c**5/30 + c**4/12 - c**3/2 + 1652*c**2. Calculate j(7).
11
Let x be 42/(-70) - (-332)/20. Let g(r) = r**2 + 2 - 6*r + x - 22. Calculate g(7).
3
Suppose -7*h + 2*h = 140. Let s = 35 + h. Let v(d) = -3 - d + 3*d - 6. Give v(s).
5
Let f(x) = 5*x**3 + 14*x**2 + 68*x + 19. Let y(i) = 13*i**3 + 41*i**2 + 201*i + 55. Let q(v) = 8*f(v) - 3*y(v). Determine q(15).
2
Let b(k) = 7*k + 2. Let z(q) = 13*q + 3. Let p(w) = 5*b(w) - 3*z(w). Let l(r) = -r**2 - 3*r + 1. Let t be l(5). Let y = t - -40. What is p(y)?
-3
Let v(r) = -r**2 - 18*r - 31. Let w(q) = q**3 - 66*q**2 - 211*q + 261. Let z be w(69). Calculate v(z).
14
Let w(s) = -s**2 + 18*s + 8. Suppose 0 = 86*n - 90*n + 72. Let v be w(n). Let z(t) = t**3 - 8*t**2 - 3*t + 11. Determine z(v).
-13
Let m(f) = 13 + 378*f**2 - 392*f**2 + 5*f**3 - 4*f**3 - 12*f - 33. What is m(15)?
25
Suppose -l + 13 = 1. Suppose -l*f = -10*f - 6. Suppose 2*o - 4 = -f*a, 0 + 4 = 2*o + a. Let w(d) = 4*d - 3. What is w(o)?
5
Let x(z) = z**3 - 5*z**2 - 6*z - 6. Let k(y) = -2*y**3 + 38*y**2 + 8*y - 147. Let c be k(19). Calculate x(c).
-36
Let y(k) = -k**2 + 5*k + 8. Let z = 760 - 750. Let l be (-1 - (-22)/z)/(56/280). Calculate y(l).
2
Let b(n) = 4*n + 2. Let u(o) = -1. Let t(y) = b(y) + 8*u(y). Suppose -19*q = -16*q + 9. Let j(z) = z. Let s(g) = q*j(g) + t(g). What is s(8)?
2
Let l = -148 - 131. Let i = l + 280. Let t(c) = 5*c. Determine t(i).
5
Let d = -2 + 4. Let j be (4/(-6))/((-53)/159). Let i(q) = 0*q**d - 7*q**2 + 0*q**2 + 10*q**2 - j*q**3. What is i(2)?
-4
Let c(f) be the third derivative of -f**6/120 - f**5/5 - 7*f**4/12 + 2*f**3/3 - 1438*f**2 + 2*f. Calculate c(-10).
-56
Let b(x) = 3*x**2 - 8*x + 6. Let z(f) = -f**2 + 4*f - 3. Let g(u) = -2*b(u) - 5*z(u). Let l = -106 - -117. Let n = -17 + l. What is g(n)?
-9
Suppose 0 = 8*r + 868 - 892. Let g(q) = 2*q**3 - 6*q**2 + 7. Calculate g(r).
7
Let k(c) = 2*c**2 - 6*c - 7. Let u(q) be the second derivative of q**3/2 - 7*q**2/2 + 7*q - 3. Let r be u(4). What is k(r)?
13
Let d(j) = -j**2 - 11*j - 15. Let u(g) = -3*g**2 - 19*g - 27. Let v(r) = 10*d(r) - 4*u(r). Calculate v(18).
-6
Let i(h) = 4*h + 3. Let n = -26 + 47. Suppose 19*l + 4 = n*l. Suppose -4*s + l = -2*j - 0*j, 4*s - 11 = -j. What is i(j)?
15
Let p be (-12)/2 + 147 - 1. Let k = p - 137. Let g(r) = -2*r**2 + 6*r - 2. Give g(k).
-2
Let c(v) = v**2 + 55*v - 386. Let l be c(-61). Let z(m) = m**2 + 18*m - 39. Calculate z(l).
1
Suppose 5*f + 3*w = -163, -40*w + 7 = f - 35*w. Let j(m) = 13*m + 501. Determine j(f).
7
Let s = -10193 - -10192. Let t(r) = 7*r**2 + 3*r + 2. Give t(s).
6
Let g(u) = 2*u**3 + 2*u**2 - 2*u - 1. Let o be (9/(-12))/((-2)/8). Let q(v) = -2*v + 7 - 4*v**2 + 5*v**2 - 11 + o*v. Let r be q(-2). What is g(r)?
-5
Let y(g) = 10*g**2 - 4*g + 2. Let l(o) = -7 - 11*o + 30*o**2 + 12 + 0. Let n(h) = -3*l(h) + 8*y(h). What is n(-1)?
-10
Let f(v) = -v**2 - 9*v + 5. Let l be 51/(-12) - 9/12. Let q be 1/l - (-160)/50. Suppose -q*x - 4*h = 39 + 4, -4*h + 11 = -3*x. What is f(x)?
5
Suppose -314 = 3*s + 2*u, 4 = -0*u - u. Let l = -97 - s. Let y(c) = -5*c**2 - 12*c**3 - l*c + 30*c**3 + 2 + 0*c**2 - 17*c**3. Determine y(6).
8
Let w(t) = 5*t**2 + 3*t - 1. Let m(a) be the third derivative of -a**5/60 - a**4/24 + 3*a**3/2 - 2*a**2 + 13. Let g be m(3). Determine w(g).
35
Let a(j) = -63 + 1269*j - 2520*j + 1 + 1261*j. Calculate a(5).
-12
Suppose -4*h = 5*h. Let v(i) = i**3 - 83 + h*i + 84 - i**2 - 3*i. Let c(a) = a**3 + 7*a**2 + 2. Let k be c(-7). Give v(k).
-1
Suppose 42 = -10*q + 82. Let p(n) = -6*n - q*n**2 + 6 + 3*n**2 + 2*n**2 - 3. Calculate p(5).
-2
Let s(r) = 5*r - 65. Let m(d) be the second derivative of d**3/6 - 13*d**2/2 + 18*d - 3. Let n(i) = 11*m(i) - 2*s(i). Determine n(6).
-7
Let y(t) be the first derivative of 8*t**2 + 100*t + 763. Calculate y(-6).
4
Let u(x) = 848*x - 17 + x**2 + 827*x - 2545*x + 854*x. Give u(12).
-65
Let o(p) = 2*p + 0*p + p + 17. Suppose -39 = -3*h, 81*a - 86*a + 4 = 3*h. Determine o(a).
-4
Let a = -237 + 258. Let f = -23 + a. Let u(k) = k - 1. Let t(x) = 3*x. Let j(g) = t(g) - 2*u(g). Give j(f).
0
Let m = 1046 + -275. Let g = m + -777. Let h(i) = -i**2 - 3*i + 8. Calculate h(g).
-10
Let z(s) = -6*s**3 - 55*s**2 - 32*s - 102. Let g(d) = d**3 + 11*d**2 + 7*d + 20. Let f(h) = 11*g(h) + 2*z(h). What is f(12)?
28
Let o = -91 + 107. Let x be o - ((-4)/1)/4. Suppose 53 = 6*n + x. Let g(k) = k**3 - 6*k**2 - k - 4. Determine g(n).
-10
Let k(i) = 33*i + 530. Let r be k(-16). Let o(w) = 9*w**2 - 6*w + 3. Calculate o(r).
27
Suppose 28 = -5*l + 178. Suppose l = 35*y - 41*y. Let m(c) = -c**3 - 6*c**2 - 4*c - 2. Calculate m(y).
-7
Let h(z) = z**2 - 13*z + 9. Let s(d) = 4*d + 83. Let i be s(-20). Let y(q) = q**2 - 14*q + 8. Let u(f) = i*h(f) - 2*y(f). Give u(9).
-7
Let v(g) = g**2 + 9*g. Let o(z) = z**2 + 9*z + 1. Let u(t) = -5*o(t) + 4*v(t). Let b = 21511 + -21520. Give u(b).
-5
Let l(t) = 3*t - 2. Suppose -20 - 109 = 3*n. Let w = 48 + n. Suppose 18 = -z - w*z. What is l(z)?
-11
Let c(a) be the second derivative of -a**4/6 - 7*a**3/6 - a**2/2 + 163*a - 4. Determine c(-2).
5
Suppose 1463*j - 1465*j + 7 = -5*y, -5*j - 5*y = 0. Let n(c) be the second derivative of -c**4/6 + c**3/6 - c**2/2 + c. What is n(j)?
-2
Suppose 7575 - 7569 = 6*p. Let q(s) = 48*s + 1. Calculate q(p).
49
Let f(h) = -7*h**2 + 53*h - 10. Suppose -53 - 103 = -26*g + 26. What is f(g)?
18
Suppose -8*h - 7 - 24 = -7. Let k(c) be the second derivative of -c**6/720 - c**4/12 + c. Let q(l) be the third derivative of k(l). Give q(h).
3
Let m(u) = 10*u + 13. Let b(j) = 24*j + 23. Let p(k) = 3*b(k) - 5*m(k). Determine p(4).
92
Let f be (0 + (-12)/(-9))*(-138)/92. Let y(k) = 6*k**3 - 2*k**2 - 6*k + 2. Determine y(f).
-42
Let o = -84 + 84. Let u = 2 + o. Let g(k) = -2*k**2 + 3*k**2 + 45 + 2*k - 41 - u*k**2. Give g(-3).
-11
Let a = -20 - -18. Let q(l) = 43*l**2 - 5*l + 9. Let u(n) = 16*n**2 - 2*n + 4. Let v(j) = -2*q(j) + 5*u(j). Determine v(a).
-22
Let v(t) be the first derivative of -13*t**2/2 + 16*t + 51. Let o(r) = -2*r + 2. Let d(z) = -6*o(z) + v(z). Determine d(-4).
8
Let q(w) = w**3 - 3*w**2 + w + 1. Let k(t) = 2*t**3 - 6*t**2 + t + 2. Let i(g) = k(g) - 3*q(g). What is i(5)?
-61
Suppose -74*v + 262 = -848. Let r(f) = f**3 - 17*f**2 + 27*f + 32. What is r(v)?
-13
Let o(z) be the second derivative of 5*z**3/6 + 31*z**2/2 - 1632*z. What is o(-10)?
-19
Let v(a) = -a**2 + 8*a - 18. Let d be v(4). Let o be ((d - 6) + 7)*0. Let b(w) = -w - 33. Determine b(o).
-33
Let q(n) be the second derivative of n**4/12 - n**3/6 - 11*n**2/2 - 9254*n. Suppose 0 = -2*w + 5*z - 20, z = -2*w - 3*z + 16. Determine q(w).
-11
Let i = -5 - -8. Suppose r + i = -w - 0*w, -r = -2*w. Let n(h) be the third derivative of 5*h**4/12 - h**3/6 - 4*h**2 + 169*h. Give n(w).
-11
Suppose 6 = 17*r - 14*r. Suppose -2*x - 16 = -r*y, -3*y + 27 = -0*y - 4*x. Suppose y*z + 3 = 8*z. Let t(j) = -13*j**3 - j. Determine t(z).
-14
Suppose 0 = 2*p + 3*p - 15 - 5. Let b(t) = -24*t. Determine b(p).
-96
Let b(r) = 7*r - 5. Let y be b(1). Let d(t) = -4*t**y - 51 + 104 - 2*t - 51. Give d(-2).
-10
Let z be 2/(-4) - (-18)/(-4). Let m = 312 - 207. Let o(g) = -211 + m + g + 117. What is o(z)